et p = -4 - q. What is the units digit of p?
1
Suppose 0 = 5*d - 7 - 8. Suppose -3*j + l + l + 15 = 0, -d*l - 6 = j. What is the units digit of j?
3
Let g be 1*-6*(-4)/3. Suppose -g*u + 15 = -3*u. Let n(y) = 2*y**2 - 4*y + 2. What is the units digit of n(u)?
8
Let m(i) = -2*i + 42. Let f be m(0). Let t = -25 + f. What is the tens digit of t?
1
Let c(g) = 63*g + 2. What is the tens digit of c(1)?
6
Let c = 54 + -2. What is the tens digit of c?
5
Let i = -5 - -34. What is the tens digit of i?
2
Let y(t) be the first derivative of t**3/3 + 3*t**2/2 + 3*t + 2. What is the units digit of y(-4)?
7
Let u(i) = i**3 + 8*i**2 + 9*i. What is the tens digit of u(-6)?
1
Let k be (-3)/18 + (-37)/(-6). Let f(t) = 4*t - 9. Let i be f(k). Suppose 0*q - 5*q = -i. What is the units digit of q?
3
Let d = 61 - 19. What is the tens digit of d?
4
Let q = -32 - -62. What is the units digit of q?
0
Let b(r) = r**2 + r + 1. Let z = -3 + 0. What is the units digit of b(z)?
7
What is the units digit of 10/3 - 18/(-27)?
4
Let h = -27 + 44. What is the units digit of h?
7
Let f = -11 - -31. What is the units digit of f?
0
Let n = 12 - 6. Suppose 3*w - g - 17 = -n*g, g - 13 = -3*w. What is the units digit of w?
4
Suppose n + 110 = 4*r, -52 = -4*r + 2*r - n. What is the units digit of r?
7
Suppose 3*x = 5*b, 4 = x - 2*x + 3*b. What is the units digit of x?
5
Suppose 4*k - 69 - 19 = 0. What is the tens digit of k?
2
Let m = -5 - -16. Let t = m + -1. Let v = 14 - t. What is the units digit of v?
4
Suppose -3*j + 52 - 10 = 0. Let q be (-164)/(-14) - (-4)/j. Suppose -5*h + q = -2*a, -3 = -a + 1. What is the units digit of h?
4
Let j(u) = u**2 + 5*u - 3. Let z be j(-6). Suppose -z*q + 44 = -43. What is the tens digit of q?
2
What is the tens digit of 188 - (4 + -4 - -3)?
8
Suppose 3*z + b = 8, 6*z + b = 4*z + 7. What is the units digit of z?
1
Suppose -2 = -l + 3. Let v = 49 + -22. Suppose -2 = l*g - v. What is the units digit of g?
5
What is the units digit of 4878/42 + (-1)/7?
6
Let r = 2 - -2. Suppose 5*b = 3*v - 7, -r*v + 5*b + 9 + 2 = 0. What is the units digit of v?
4
Suppose -3*w + 3*x + 15 = -405, -5*w = -4*x - 696. What is the units digit of w?
6
Let m(c) = c**2 + 2*c. Let b be m(-3). Suppose 0 = b*k - 32 - 55. What is the tens digit of k?
2
Suppose 0 = 12*j - 13*j + 51. What is the units digit of j?
1
Let o(d) = -2*d + 7. Let w(i) = i - 4. Let f(b) = 3*o(b) + 5*w(b). Let h(p) = -p**3 + 9*p**2 - 9*p + 5. Let s be h(8). What is the units digit of f(s)?
4
Let m(w) = w**2 - 2*w - 8. Let j be m(-6). Suppose 0*b + p - 5 = -b, 4*b - p - j = 0. What is the units digit of b?
9
Suppose 0 = -2*g - 0*g + 44. What is the tens digit of g?
2
Let z(y) = y**2 + 3*y. Let a(i) = -i - 11. Let v be a(-5). What is the units digit of z(v)?
8
Let k(l) = -l**3 + 2*l**2 + 2*l - 1. What is the units digit of k(-3)?
8
Let c(i) = -2*i**3 + i**2 + i. Let q be c(-1). Suppose -87 - 23 = -q*b. What is the tens digit of b?
5
What is the tens digit of (-51)/12*(1 - 5)?
1
Suppose 0 = -5*q + 2*k + 1331, -2*k + 538 = 3*q - q. What is the units digit of q?
7
Suppose r - 8 + 5 = 0. Suppose d + 13 = -4*s, 0 = -r*d + s + 3*s + 25. What is the units digit of d?
3
Let r(u) = u**3 - 5*u**2 - 6*u + 6. Let c be r(5). What is the tens digit of (4/6)/(c/(-1044))?
2
Let n(d) = -d**3 + 12*d**2 + 3*d + 13. What is the hundreds digit of n(10)?
2
Let j(s) = -s**3 - 5*s**2 + 5*s - 1. Let x be j(-6). Suppose -v - 96 = -x*v. What is the tens digit of v?
2
Suppose 4*y + 20 = 3*k - k, 40 = 3*k - y. What is the tens digit of k?
1
Let w(y) = y**3 + 8*y**2 + 6*y + 1. Let v be w(-7). Suppose -l = o - 5, -o + v = l + o. Let u = l + -1. What is the units digit of u?
1
Let d = 261 + -110. What is the tens digit of d?
5
Let y(u) = 180*u + 1. What is the units digit of y(1)?
1
Let l = 388 + -159. What is the units digit of l?
9
Let r be -1 + 2 + 9/9. Suppose 2*a = -r*a + 144. What is the tens digit of a?
3
Let x = 154 - 74. Let y = x + -53. What is the tens digit of y?
2
Let h(o) = o**3 + 7*o**2 - o - 3. Let y(d) = -d**3 - d**2 + d. Let a(b) = h(b) + 2*y(b). What is the units digit of a(5)?
2
Let z(h) = h**3 - 7*h**2 + 6*h + 3. Let s(q) = -q + 13. Let c be s(7). Let x be z(c). What is the units digit of 0 + (x - -2) - 1?
4
Let i(j) = 6*j**2 + 9*j + 3. Let d(f) = 17*f**2 + 28*f + 8. Let z(t) = 4*d(t) - 11*i(t). Let o be z(-9). Suppose -4*s = -0*s - o. What is the tens digit of s?
1
Suppose -5*r = 3*o - 316, -9*r + 4*r = -5*o + 500. What is the units digit of o?
2
Suppose -2*x + 203 = s, 1 = 3*s - 4*s. What is the tens digit of x?
0
Suppose -6*s + 292 = -386. Let c = -81 + s. What is the tens digit of c?
3
Let f = 7 - 3. Let o = 8 - f. What is the units digit of o?
4
Suppose 0 = 2*b - 0*b + 12. Let w = 10 + b. Suppose 2 - w = y + 2*t, -3*y + t = -8. What is the units digit of y?
2
Let b(q) = q**2 + 6*q + 4. Let l be b(-6). Suppose 4*k - l = -2*i, 12 = 3*i + k - 9. Suppose -w - i = -3*w. What is the units digit of w?
4
Let i be (-146)/(-8) + (-5)/20. Let y = i + -11. What is the units digit of y?
7
Let c(y) = -y + 1. Let x(p) = 3*p - 3. Let q(v) = 5*c(v) + 2*x(v). Let o be q(2). What is the units digit of o - 7*3/(-3)?
8
Let y = 1 + 1. Let s(w) = -w**y + 5*w**2 + 3 - 7 - 3*w**2. What is the units digit of s(-3)?
5
Let j = 589 - 296. What is the tens digit of j?
9
Let r(u) = -3*u - 6. Let y(x) = 2*x + 5. Let w = 0 - 4. Let i(v) = w*y(v) - 3*r(v). What is the units digit of i(3)?
1
Suppose w + w + 34 = -4*p, 4*w + 38 = -5*p. Let h = p + -14. What is the units digit of h/(-16)*(-8)/(-6)?
2
Let d be (4 - -20)*5/4. Let j = d - 52. What is the units digit of (-2)/(-12) + j/(-12)?
2
Let b(i) = -i**3 + i**2 + i + 51. Suppose y + 4*y = 0. What is the tens digit of b(y)?
5
Let i(d) = -d**2 - 3*d + 4. Let u be i(-3). Suppose 2*x - u*x = -22. What is the tens digit of x?
1
Suppose 575 = 8*p - 3*p. What is the units digit of p?
5
Suppose -2 = -4*o - 14. Let k = o - -5. What is the units digit of k?
2
Let r = -10 - -14. Suppose t = -r*t + 25. What is the units digit of t?
5
Suppose -t - 2 = 4*f, -5*t - 13 = 2*f + 15. Let b = t + 12. What is the units digit of b?
6
Let t(f) = -f**3 - 13*f**2 - 15*f - 10. Let s(r) = r - 8. Let w be s(-4). What is the units digit of t(w)?
6
Let b(i) = -2*i - 7. What is the units digit of b(-8)?
9
Let k(h) be the third derivative of -h**4/24 + 5*h**3/6 - 2*h**2. Let a(q) = -4*q - 1. Let m be a(2). What is the units digit of k(m)?
4
Suppose -5*m = -35 + 10, 3*i = 5*m + 386. What is the units digit of i?
7
Let a = -79 + 145. Let v be -3*1*a/9. Let l = 35 + v. What is the units digit of l?
3
Suppose -6*j = -9*j + 21. What is the units digit of j?
7
Let b be 1/(-1*(-1)/3). Suppose -g + 1 = -b. What is the units digit of g?
4
Let g(o) = -3*o**2 + 4*o + 4. Let x(v) = -4*v**2 + 5*v + 5. Let n(f) = 5*g(f) - 4*x(f). Let c = -2 + 1. What is the units digit of n(c)?
1
Suppose -10 = -0*d - 2*d. Suppose 145 = 12*z - 143. Suppose 0 = d*h + 4*o - z, 8*h = 3*h - 2*o + 22. What is the units digit of h?
4
Let w be (-4)/(-1)*(-1)/(-2). Suppose 2*k + 21 = 5*k. Let z = k - w. What is the units digit of z?
5
Let u(i) = -3*i - 3. What is the units digit of u(-3)?
6
Let f(r) = 3*r + 2. Let h be f(-3). Let o be -1*(-51)/(-15) - 12/20. Let i = o - h. What is the units digit of i?
3
Let a = 9 - 9. Suppose 5*b - 2*t + a - 25 = 0, -5*b - 3*t = 0. Suppose -2*p + 7 - b = 0. What is the units digit of p?
2
Let h(i) be the third derivative of i**7/5040 + 11*i**6/720 + i**5/15 + 4*i**2. Let v(l) be the third derivative of h(l). What is the units digit of v(-9)?
2
Let u = 986 - 681. What is the tens digit of u?
0
Let l = 5 - -276. What is the units digit of l?
1
Let w = -102 - -57. Let g = w - -69. Suppose -5*c = -5*r - 11 - g, 2*c + r = 11. What is the units digit of c?
6
What is the units digit of (-2)/(-3)*(-42)/(-4)?
7
Let u(h) = 80*h. Let p be u(2). Suppose -s + 4*c - p = -5*s, -2*s + 4*c = -62. What is the units digit of s?
7
Suppose -19*l + 15*l = -72. What is the tens digit of l?
1
Let k(y) = y**3 + 8*y**2 - 2*y - 2. What is the tens digit of k(-7)?
6
Let s = 6 - 8. What is the units digit of (-44)/s + 0/3?
2
Let v = -4 - -3. Let d = -1 + v. What is the units digit of 0/d - -5 - 1?
4
Let j be -2 - -1 - (2 + -48). Suppose 6*y = y + j. What is the